1197
Calculate the remainder when 9818696 is divided by 9818557.
139
What is the remainder when 307480 is divided by 30?
10
Calculate the remainder when 11553 is divided by 10428.
1125
What is the remainder when 456026 is divided by 267?
257
What is the remainder when 3890202 is divided by 347?
332
What is the remainder when 425731 is divided by 789?
460
What is the remainder when 56040 is divided by 9236?
624
Calculate the remainder when 25821127 is divided by 6.
1
What is the remainder when 101156 is divided by 953?
138
What is the remainder when 48605 is divided by 263?
213
What is the remainder when 140238 is divided by 45935?
2433
Calculate the remainder when 71073428 is divided by 538435.
8
What is the remainder when 8078092 is divided by 5?
2
What is the remainder when 1579947522 is divided by 8775?
8772
What is the remainder when 49197995 is divided by 1157?
41
Calculate the remainder when 1445702 is divided by 30117.
86
What is the remainder when 11870 is divided by 10023?
1847
Calculate the remainder when 145158249 is divided by 117347.
10
What is the remainder when 6271944 is divided by 2090583?
195
What is the remainder when 936764 is divided by 16?
12
What is the remainder when 1004916 is divided by 187?
165
Calculate the remainder when 388399 is divided by 5766.
2077
What is the remainder when 7238403 is divided by 3619156?
91
What is the remainder when 293553 is divided by 118?
87
Calculate the remainder when 114513 is divided by 5332.
2541
What is the remainder when 4070772 is divided by 2035349?
74
What is the remainder when 653629822 is divided by 67?
66
Calculate the remainder when 290783 is divided by 58145.
58
Calculate the remainder when 461260 is divided by 704.
140
Calculate the remainder when 55637 is divided by 3707.
32
What is the remainder when 509554 is divided by 1222?
1202
Calculate the remainder when 560079 is divided by 186653.
120
What is the remainder when 4190992 is divided by 12893?
767
Calculate the remainder when 10939868 is divided by 2593.
1
Calculate the remainder when 128964 is divided by 63920.
1124
Calculate the remainder when 14064116 is divided by 56710.
36
Calculate the remainder when 21251797 is divided by 1180.
1177
What is the remainder when 3456195 is divided by 576031?
9
What is the remainder when 142069 is divided by 980?
949
What is the remainder when 1372987 is divided by 152553?
10
Calculate the remainder when 455945 is divided by 455028.
917
Calculate the remainder when 2973807 is divided by 310.
287
Calculate the remainder when 1412807 is divided by 7262.
3979
What is the remainder when 140153178 is divided by 17519142?
42
What is the remainder when 3173967 is divided by 38704?
239
Calculate the remainder when 12478867 is divided by 21.
16
What is the remainder when 1662745 is divided by 87505?
150
What is the remainder when 538579 is divided by 178253?
3820
Calculate the remainder when 12834972 is divided by 2566968.
132
What is the remainder when 67907 is divided by 4673?
2485
What is the remainder when 16438 is divided by 16436?
2
What is the remainder when 13010 is divided by 2550?
260
What is the remainder when 18573522 is divided by 2267?
2258
Calculate the remainder when 284081174 is divided by 25.
24
Calculate the remainder when 127505 is divided by 31828.
193
Calculate the remainder when 35949 is divided by 32.
13
What is the remainder when 262095 is divided by 11468?
9799
What is the remainder when 22271 is divided by 6218?
3617
What is the remainder when 2158368 is divided by 10738?
30
What is the remainder when 34192261 is divided by 54?
1
Calculate the remainder when 6337111 is divided by 57610.
11
What is the remainder when 202399 is divided by 99798?
2803
Calculate the remainder when 18234 is divided by 4326.
930
What is the remainder when 853677 is divided by 15239?
293
Calculate the remainder when 2625179 is divided by 201934.
37
What is the remainder when 169790345 is divided by 1331?
1330
What is the remainder when 4963753 is divided by 38?
3
Calculate the remainder when 178891 is divided by 3438.
115
Calculate the remainder when 16260196 is divided by 2710030.
16
Calculate the remainder when 5253 is divided by 5108.
145
What is the remainder when 77755 is divided by 38739?
277
What is the remainder when 229340 is divided by 170?
10
What is the remainder when 15316721 is divided by 2215?
2211
What is the remainder when 705534 is divided by 50394?
18
Calculate the remainder when 36797 is divided by 1675.
1622
What is the remainder when 61369798 is divided by 4720753?
9
What is the remainder when 28644 is divided by 2?
0
Calculate the remainder when 15450140 is divided by 47393.
22
What is the remainder when 9742472 is divided by 367?
90
Calculate the remainder when 267288 is divided by 36315.
13083
Calculate the remainder when 5898 is divided by 5306.
592
Calculate the remainder when 39972012 is divided by 250.
12
Calculate the remainder when 3530689 is divided by 5117.
5076
What is the remainder when 647947 is divided by 3392?
75
What is the remainder when 22491360 is divided by 2255?
2245
Calculate the remainder when 1934963 is divided by 97.
7
What is the remainder when 144648 is divided by 7230?
48
What is the remainder when 144750 is divided by 48023?
681
What is the remainder when 5826200 is divided by 137?
1
What is the remainder when 32012482 is divided by 63?
40
What is the remainder when 3537269 is divided by 80?
69
What is the remainder when 18976593 is divided by 6969?
6
Calculate the remainder when 4138508 is divided by 23.
3
Calculate the remainder when 17697336 is divided by 103.
82
What is the remainder when 69640 is divided by 233?
206
What is the remainder when 7552268 is divided by 677?
333
What is the remainder when 6338951 is divided by 17?
8
Calculate the remainder when 33659 is divided by 11034.
557
Calculate the remainder when 530325 is divided by 1835.
10
Calculate the remainder when 303687 is divided by 101218.
33
What is the remainder when 2882763 is divided by 56524?
39
What is the remainder when 74235738 is divided by 56?
10
Calculate the remainder when 636450316 is divided by 9.
7
What is the remainder when 3998754 is divided by 1714?
1706
What is the remainder when 411221 is divided by 2472?
869
What is the remainder when 341002 is divided by 497?
60
What is the remainder when 36893 is divided by 3497?
1923
What is the remainder when 2504838 is divided by 104?
102
What is the remainder when 307132560 is divided by 153566277?
6
Calculate the remainder when 457135 is divided by 227642.
1851
What is the remainder when 26500639 is divided by 3194?
21
Calculate the remainder when 5789130 is divided by 484.
6
Calculate the remainder when 5662838 is divided by 185.
173
Calculate the remainder when 5232544 is divided by 527.
488
What is the remainder when 54043 is divided by 26553?
937
What is the remainder when 334790 is divided by 2298?
1580
Calculate the remainder when 104609 is divided by 48123.
8363
Calculate the remainder when 543510 is divided by 28604.
34
Calculate the remainder when 359068 is divided by 2443.
2390
Calculate the remainder when 97065 is divided by 96440.
625
Calculate the remainder when 178598 is divided by 14874.
110
What is the remainder when 203171 is divided by 101558?
55
Calculate the remainder when 40597781 is divided by 41.
32
What is the remainder when 5202089 is divided by 32311?
18
Calculate the remainder when 13266 is divided by 953.
877
What is the remainder when 3106 is divided by 544?
386
What is the remainder when 365019 is divided by 73?
19
What is the remainder when 57465 is divided by 12?
9
What is the remainder when 39343 is divided by 470?
333
What is the remainder when 99756800 is divided by 4750323?
17
Calculate the remainder when 1802117 is divided by 397.
134
Calculate the remainder when 3074890 is divided by 1268.
1258
Calculate the remainder when 103045 is divided by 12876.
37
Calculate the remainder when 9008490 is divided by 6344.
10
What is the remainder when 4235871 is divided by 1782?
57
What is the remainder when 50961020 is divided by 439319?
16
What is the remainder when 37812 is divided by 12572?
96
What is the remainder when 6644351 is divided by 21?
14
Calculate the remainder when